1805?
9
What is the tens digit of 459543045?
4
What is the ten thousands digit of 1224413772?
1
What is the millions digit of 237869471?
7
What is the hundreds digit of 21719494?
4
What is the hundreds digit of 148036301?
3
What is the hundreds digit of 1297942062?
0
What is the units digit of 11633751?
1
What is the hundred thousands digit of 31743565?
7
What is the tens digit of 257491189?
8
What is the units digit of 5396597353?
3
What is the millions digit of 3129676990?
9
What is the hundred thousands digit of 41555638?
5
What is the millions digit of 2428403419?
8
What is the units digit of 518756759?
9
What is the hundreds digit of 2683346?
3
What is the hundreds digit of 591581974?
9
What is the thousands digit of 1645860168?
0
What is the hundred millions digit of 6040212666?
0
What is the ten millions digit of 5336409359?
3
What is the thousands digit of 469761421?
1
What is the units digit of 760530353?
3
What is the thousands digit of 41685286?
5
What is the hundreds digit of 2081891103?
1
What is the billions digit of 3631904206?
3
What is the ten millions digit of 2575913264?
7
What is the ten thousands digit of 70550868?
5
What is the units digit of 202926562?
2
What is the millions digit of 141672961?
1
What is the hundreds digit of 40658176?
1
What is the units digit of 722995141?
1
What is the millions digit of 15538376?
5
What is the ten thousands digit of 13045131?
4
What is the hundred thousands digit of 32259090?
2
What is the ten thousands digit of 215431975?
3
What is the hundreds digit of 17477936?
9
What is the ten millions digit of 1091656045?
9
What is the ten thousands digit of 29232226?
3
What is the hundred thousands digit of 34528640?
5
What is the units digit of 53620503?
3
What is the hundreds digit of 6705898?
8
What is the ten millions digit of 21327581?
2
What is the ten thousands digit of 1208835837?
3
What is the ten thousands digit of 84795402?
9
What is the tens digit of 122774217?
1
What is the ten millions digit of 34719868?
3
What is the hundreds digit of 49336506?
5
What is the tens digit of 189681229?
2
What is the thousands digit of 314478213?
8
What is the ten millions digit of 28911214?
2
What is the hundreds digit of 144739020?
0
What is the hundred thousands digit of 1786020155?
0
What is the units digit of 8180889?
9
What is the hundred thousands digit of 485283684?
2
What is the ten thousands digit of 2520177008?
7
What is the ten millions digit of 207606772?
0
What is the hundred thousands digit of 156489347?
4
What is the hundred thousands digit of 103963936?
9
What is the ten thousands digit of 267678762?
7
What is the tens digit of 701140793?
9
What is the hundred thousands digit of 1760476913?
4
What is the billions digit of 2859020402?
2
What is the units digit of 1454443788?
8
What is the ten millions digit of 128197958?
2
What is the hundred thousands digit of 13092486?
0
What is the hundred millions digit of 6361293679?
3
What is the thousands digit of 1213948645?
8
What is the tens digit of 1072512716?
1
What is the millions digit of 11238174?
1
What is the ten millions digit of 65765183?
6
What is the ten thousands digit of 1594833088?
3
What is the billions digit of 4508247538?
4
What is the millions digit of 200137223?
0
What is the ten thousands digit of 36693796?
9
What is the hundred thousands digit of 1565207102?
2
What is the ten millions digit of 6441412373?
4
What is the units digit of 1519320100?
0
What is the hundred thousands digit of 1767419037?
4
What is the hundred thousands digit of 44991157?
9
What is the millions digit of 54098812?
4
What is the thousands digit of 43156254?
6
What is the millions digit of 156001320?
6
What is the tens digit of 199814144?
4
What is the thousands digit of 592541673?
1
What is the tens digit of 71480656?
5
What is the tens digit of 54329435?
3
What is the hundred millions digit of 180025301?
1
What is the millions digit of 1889895906?
9
What is the hundred thousands digit of 24325810?
3
What is the thousands digit of 43412810?
2
What is the millions digit of 740644418?
0
What is the millions digit of 2044798174?
4
What is the tens digit of 46082846?
4
What is the hundred millions digit of 483465697?
4
What is the ten thousands digit of 796030984?
3
What is the ten thousands digit of 28181611?
8
What is the hundred thousands digit of 20653075?
6
What is the units digit of 88854619?
9
What is the thousands digit of 43092094?
2
What is the ten millions digit of 3470920972?
7
What is the ten millions digit of 338695767?
3
What is the ten thousands digit of 356294981?
9
What is the units digit of 248189823?
3
What is the thousands digit of 615737843?
7
What is the millions digit of 1675296400?
5
What is the hundreds digit of 2183848866?
8
What is the ten thousands digit of 2485789264?
8
What is the units digit of 1834105335?
5
What is the millions digit of 1587265804?
7
What is the hundred thousands digit of 1480359270?
3
What is the hundred millions digit of 123020680?
1
What is the units digit of 843108680?
0
What is the units digit of 1060624760?
0
What is the units digit of 1579622848?
8
What is the units digit of 3344629?
9
What is the hundreds digit of 19393965?
9
What is the hundred thousands digit of 614842524?
8
What is the units digit of 4521276498?
8
What is the thousands digit of 7527424643?
4
What is the ten millions digit of 2632329221?
3
What is the hundred thousands digit of 1772814380?
8
What is the hundreds digit of 50667493?
4
What is the tens digit of 22379835?
3
What is the tens digit of 406529509?
0
What is the tens digit of 1337421221?
2
What is the hundreds digit of 15055481?
4
What is the tens digit of 29370108?
0
What is the hundreds digit of 813767875?
8
What is the ten thousands digit of 67600910?
0
What is the hundreds digit of 5200523?
5
What is the tens digit of 631500711?
1
What is the millions digit of 116070110?
6
What is the hundred millions digit of 138090802?
1
What is the millions digit of 2446665069?
6
What is the hundred millions digit of 1010075308?
0
What is the units digit of 16983778?
8
What is the hundred millions digit of 353689126?
3
What is the hundreds digit of 140447738?
7
What is the thousands digit of 458343627?
3
What is the hundred thousands digit of 316214052?
2
What is the thousands digit of 683623084?
3
What is the millions digit of 49427919?
9
What is the thousands digit of 2749067619?
7
What is the ten thousands digit of 188848429?
4
What is the units digit of 5603423306?
6
What is the tens digit of 12020821?
2
What is the thousands digit of 159450877?
0
What is the billions digit of 1061291224?
1
What is the ten millions digit of 17404535?
1
What is the thousands digit of 39384776?
4
What is the thousands digit of 45914412?
4
What is the ten thousands digit of 996095048?
9
What is the units digit of 95421841?
1
What is the thousands digit of 38640018?
0
What is the ten thousands digit of 252669047?
6
What is the units digit of 998468261?
1
What is the units digit of 16494273?
3
What is the thousands digit of 76020166?
0
What is the thousands digit of 37990121?
0
What is the hundreds digit of 605482447?
4
What is the hundred thousands digit of 127059770?
0
What is the ten millions digit of 212036222?
1
What is the hundred thousands digit of 340460511?
4
What is the ten thousands digit of 789813460?
1
What is the tens digit of 3834374223?
2
What is the billions digit of 1744331669?
1
What is the ten millions digit of 54162315?
5
What is the millions digit of 662994997?
2
What is the ten millions digit of 848651454?
4
What is the units digit of 148942191?
1
What is the hundred thousands digit of 109919097?
9
What is the hundred thousands digit of 1189261798?
2
What is the hundreds digit of 190917160?
1
What is the ten millions digit of 120433925?
2
What is the hundreds digit of 327851621?
6
What is the ten millions digit of 42782372?
4
What is the hundred millions digit of 306721376?
3
What is the ten millions digit of 40886947?
4
What is the units digit of 904614571?
1
What is the hundreds digit of 788584094?
0
What is the ten thousands digit of 2057869947?
6
What is the hundred millions digit of 907697094?
9
What is the hundred thousands digit of 298324267?
3
What is the bil